7*k. Is (-56685)/k - (-2)/(-5) a composite number?
False
Let u = 3670 - 1022. Suppose -n - 4*o = -4209, 2*n = 2*o + 11046 - u. Is n a composite number?
False
Let h = 34606 + -25965. Is h prime?
True
Let t(y) = 85*y**2 - 28*y - 67. Is t(24) a composite number?
False
Let a(h) = 27*h**2 + 4*h. Suppose 11*f - 67 + 1 = 0. Let s be a(f). Let q = s - -485. Is q composite?
False
Let w = -2429 - -5797. Let n = w + -1165. Is n prime?
True
Suppose 5*g + 5*p = 251880, -9*g + 251915 = -4*g - 2*p. Is g composite?
True
Let t(g) = 21*g**2 - g. Let h be t(-1). Suppose h*k = 35*k - 405847. Is k composite?
False
Let t(i) = 2*i - 22. Let o be t(13). Suppose b - 6 = -5*h, -5*h - 8 = o*b - 2. Suppose 891 = h*m - 5*n, m + 0*m - 444 = n. Is m a prime number?
True
Suppose -2*d = o - 40, -5*d - 21 + 1 = 0. Let a = o + -43. Suppose -3*g + 3684 = 3*w, 4*g - a*w = 4044 + 850. Is g prime?
False
Let j(x) = 3*x + 44. Let o be j(-13). Suppose -6119 = -4*h + o*m, 4590 = -h + 4*h - 3*m. Is h a composite number?
False
Let k(i) = -9*i - 5. Let m(y) = -14*y - 7. Let s(p) = 8*k(p) - 5*m(p). Let n be s(-4). Suppose o - n*o = -406. Is o a composite number?
True
Let a be (-9)/(-5) + -2 + (-3536)/(-5). Suppose 21*j - 700 = a. Is j a composite number?
False
Let m(t) = 1206*t**2 - 45*t - 14. Is m(3) composite?
True
Suppose 0 = 94*s - 2263239 - 2622035. Is s a prime number?
True
Suppose -5*c - 4*k = -10*c - 66453, -2*k = -c - 13287. Let r = c + 24134. Suppose -n - 2*l + 3603 = 0, r = 3*n - 5*l + 3*l. Is n prime?
False
Let v = -75 - 57. Let k = v + 133. Is 4/1 - (-158 + (6 - k)) a prime number?
True
Let r(g) be the third derivative of -g**6/40 + g**5/20 - g**4/2 + 11*g**3/2 + 3*g**2. Is r(-10) composite?
True
Suppose -14*h = -11*h + 3. Let y be (2884 + 1)/(h + 0). Is (-1)/(1/y) + 2 a prime number?
True
Let r(g) = g - 4. Let z be r(20). Let y be 1184/256 + 6/z. Suppose -y*k + 5307 = -5558. Is k a prime number?
False
Let f(o) = -2479*o**3 - 4*o**2 - 16*o + 66. Is f(-5) prime?
False
Let l = 69 + -70. Let m be (l + 2)*(20 - 15). Suppose -o = -i + 1755, -m*i = -4*o - 1550 - 7229. Is i composite?
False
Let d = -1035 + 1943. Let l = d + 849. Is l composite?
True
Let j(u) be the second derivative of 24*u**3 + 269*u**2/2 + 2*u - 48. Is j(10) a composite number?
False
Suppose 31*t - 144558185 = -68*t - 46*t. Is t a prime number?
True
Let f = -14266 - -8337. Let d = 14880 + f. Is d prime?
True
Let d = 83 + -80. Let q be -3 - (179 - -2)*d/(-3). Suppose -4*r - q = -5*r - 4*t, 4*t + 16 = 0. Is r composite?
True
Suppose -20*o = -27*o - 254*o + 44989353. Is o prime?
True
Let v = -598 - -1170. Let d(i) = -2*i**3 - 4*i**2 - 3*i - 2. Let a be d(5). Let o = a + v. Is o prime?
False
Let w = 957 - 932. Suppose -w*y = 25*y - 204550. Is y prime?
True
Is 3106905/20 + ((-54)/24 - -2) a composite number?
True
Let f = 131551 + -962. Is f composite?
False
Let x(c) = 36*c + 36*c + 60*c**2 + 9 + 23*c + 22 - 28*c. Is x(-22) a composite number?
True
Let m(k) = -4*k + 291*k**2 + 79*k**2 - 5 + 278*k**2. Is m(-3) composite?
False
Suppose 5*g + 33147 - 125014 = -3*u, -u + 36746 = 2*g. Is g a composite number?
False
Is 55/44 - (-19478025)/60 composite?
True
Let j(g) = 2*g**2 + 10*g - 11. Let b be 4*(3 - 17/4). Let c be 59/b + (-6)/30. Is j(c) composite?
False
Suppose -231672 = -3*u + 5*x + 83814, -2*u - 5*x + 210349 = 0. Is u a composite number?
False
Let d be 4/3*((-5)/(-2) + -4). Let r(m) = -795*m - 13. Is r(d) a composite number?
True
Let c(x) = 4544*x + 85. Let h be c(14). Suppose h = -i + 12*i. Is i prime?
True
Suppose 0 = -4*d - 13796 + 21117 + 25243. Is d a composite number?
True
Is (80/(-200))/(2/(-134515)) a prime number?
True
Suppose 0 = -3*g - 12 + 24. Is 6 - (-1 + g) - -562 a prime number?
False
Let t(z) = 789*z**2 + 99*z - 547. Is t(6) a prime number?
False
Let v = 400843 - 164777. Is v prime?
False
Let n(f) = -6*f**3 - 17*f**2 - 31*f - 6. Let b be n(-15). Suppose -9*k + 333 = -b. Is k composite?
False
Suppose 5*y = u, -6*y + 3*y + 3*u = 0. Suppose y = 2*z + 3*z - 35. Suppose 0 = -z*b + 9067 + 5052. Is b a prime number?
True
Let d = -234922 - -435893. Is d prime?
True
Let x be 10255/((11/4)/11). Suppose 15*m - x = -5*m. Is m a prime number?
False
Let d(u) = 5*u**2 + 3*u - 8. Let j be (2 + 1)*(-2 - (-7 - -4)). Is d(j) a composite number?
True
Let o(d) = d**2 + 1. Let i be o(-2). Suppose -87601 = -10*k + 5*k + 2*b, 0 = -i*b - 15. Is k a composite number?
False
Suppose -61*t = 53*t - 29834278 - 41846756. Is t composite?
False
Suppose 0 = 31*s - 25*s - 15042. Let t = -868 + s. Is t composite?
True
Let q = -7526 + 15019. Is q a prime number?
False
Let j be 153/(7/252*6). Let x = -520 + j. Is x a composite number?
True
Suppose 30 + 11575 = 5*k. Suppose -16*o + 27*o - k = 0. Is o prime?
True
Suppose -11*x - 104390 = -6*x. Let k = -10648 - x. Suppose k + 538 = 8*v. Is v prime?
False
Let b = -67 - -71. Suppose 5 - 1 = 2*y - 2*n, 0 = -3*y - b*n - 8. Suppose -469 = -y*z - z. Is z a prime number?
False
Suppose 0 = 5*l - 3*d - 31801 - 267198, l - 5*d = 59791. Is l composite?
True
Let t be (-11)/44 - 167/4. Suppose 14*p - 11*p = 2181. Let d = t + p. Is d a prime number?
False
Let k(p) = -5*p**3 + 6*p**2 + 3*p - 2. Let y be k(-2). Is (-7)/y*4 - 1198/(-4) a composite number?
True
Suppose 25 = 6*w - 137. Is 36/w + (-6455)/(-3) + 2 composite?
True
Let l be ((-60)/(-75))/((-4)/(-16642070)). Suppose l = 28*w + 204762. Is w composite?
True
Let s(w) = -200*w**3 + w**2 + 2*w - 3. Let j be s(2). Let b = 805 + j. Is 2*2/(-8)*b/5 a composite number?
False
Let c(j) = -2*j**2 - 16*j + 10. Let s be c(-10). Is ((-58)/(-4))/((-5)/s) prime?
False
Let o be (-225)/(-10)*8/(-10). Let u = -13 - o. Suppose 0 = u*a + 2*a - 2345. Is a a prime number?
False
Suppose 144*d = 2*d + 881937 + 13222355. Is d a prime number?
False
Let g = 121669 - 64166. Is g a prime number?
True
Is 56419 + (8/16*-20 - 0) a prime number?
False
Let q = -36 - -30. Let i(s) = s**3 + 6*s**2 - 3*s - 14. Let m be i(q). Suppose -m*x + 4*o = -3360, -3*o = 4*x - 4872 + 1526. Is x a prime number?
False
Let b(h) = h**3 - h**2 - 30*h. Let a be b(6). Suppose a = 5*i - 9893 - 2322. Is i composite?
True
Let t(n) = 929*n**2 - 43*n - 311. Is t(29) prime?
True
Let d(k) = -88 - 13*k + 5*k - 4*k + 5*k**2 + 21*k + 45*k. Is d(21) composite?
False
Let r(v) = 12 + 5*v - 3 + 2 + 12*v**2 - v. Is r(-7) composite?
False
Suppose -15*s + 3*o = -18*s + 2678085, 0 = 5*s + 3*o - 4463479. Is s a composite number?
True
Let y = -1121 + 1627. Suppose 2*i + 4*p - 12346 = 0, -i + 3*p + 5642 = -y. Is i a prime number?
True
Is -17 + (15 - 9) - -28408 prime?
False
Let g be -2 + (0/4 - -4). Let v(p) = -p**2 + 16*p - 15. Let c be v(1). Suppose c = 6*b - g*b - 12436. Is b composite?
False
Suppose 33*r + 13270 = 38*r. Let z = 8155 - r. Is z composite?
False
Is (0 - 158853/(-2))/((-1)/(-2)) prime?
False
Let c(x) = -2086*x + 969. Is c(-8) a prime number?
True
Let m(l) be the third derivative of 7*l**5/60 + 5*l**4/24 + 3*l**3 + 20*l**2. Let v be m(-15). Suppose -3061 = -4*g + 3*b, 2*g - v = -0*g + 4*b. Is g prime?
True
Let l = -967 - -969. Let x(y) be the second derivative of 61*y**5/10 + y**4/12 - y**3/2 - 3*y**2/2 - y. Is x(l) prime?
True
Let w = 311 - 256. Suppose 0 = 46*v - w*v + 8163. Is v prime?
True
Is (-61431943)/(-181) - (-11 + 1) a composite number?
False
Let y = -22457 - -123714. Suppose 9*h - y = -4*h. Is h prime?
True
Let t be -12 + -3 + 3 + -2. Let s(u) = -4*u**2 + 8*u - 28. Let p(g) = -3*g**2 + 9*g - 29. Let q(x) = -5*p(x) + 4*s(x). Is q(t) composite?
False
Let y(p) be the third derivative of -p**6/60 - 3*p**4/8 + 26*p**3/3 - 48*p**2. Is y(-15) a prime number?
False
Let l(m) = -106*m**3 - 3*m**2 + 3*m + 17. Suppose 5*f + 4*u - 1 = 0, -7*f + 11*f - 5*u = -32. Is l(f) a composite number?
False
Suppose 5*s = -8 + 28. Let d(c) = 22 - 11*c - s*c + 4*c. Is d(-17) composite?
True
Suppose 1832*l = 4*f + 1837*l - 435903, 5*l = -5*f + 544880. Is f prime?
False
Let n = 358604 - 182775. Is n a composite number?
False
Is -19 + (4862423 - 23)/20 prime?
True
Let m(x) = -179*x + 21. Let u be (-8)/(-6) - (-4)/6 - 3. Let v(q) = -q + 1. Let s(h) = u*m(h) - 4*v(h). Is s(6) composite?
True
Suppose 0 = -13*j + 2975346 + 2647193. Is j a prime number?
True
Let d(q) = -3423*q + 78. Is d(-11) prime?
False
Let l(o) = -o**3 + 17*o**